{"id":1225,"date":"2010-02-24T22:46:27","date_gmt":"2010-02-25T01:46:27","guid":{"rendered":"http:\/\/caminhos.arguscaruso.com.br\/?page_id=1225"},"modified":"2024-03-16T14:20:32","modified_gmt":"2024-03-16T14:20:32","slug":"palestras-realizadas","status":"publish","type":"page","link":"https:\/\/caminhos.arguscaruso.com.br\/?page_id=1225","title":{"rendered":"Palestras realizadas"},"content":{"rendered":"<ul>\n<li><img loading=\"lazy\" decoding=\"async\" class=\"alignleft size-full wp-image-1226\" title=\"palestras\" src=\"http:\/\/caminhos.arguscaruso.com.br\/wp-content\/uploads\/2010\/02\/palestras.jpg\" alt=\"\" width=\"150\" height=\"2536\" \/><\/li>\n<li>PALESTRAS BRASIL 500 ANOS &#8211; 2000<\/li>\n<\/ul>\n<ul>\n<li>Escola Municipal Marlene Pereira Rancante &#8211; MG<\/li>\n<li>Escola Municipal Pierosetti &#8211; MG<\/li>\n<li>Escola Municipal C\u00f4nsul Antonio Cadar &#8211; MG<\/li>\n<li>Escola Municipal Prof. Am\u00edlcar Martins &#8211; MG<\/li>\n<li>Escola Municipal Pedro Nava &#8211; MG<\/li>\n<li>Escola Municipal Maria Assun\u00e7\u00e3o de Marco &#8211; MG<\/li>\n<li>Escola Municipal P\u00e9rsio Pereira Pinto &#8211; MG<\/li>\n<li>Escola Municipal Paulo Mendes Campos &#8211; MG<\/li>\n<li>Escola Municipal Amintas de Barros &#8211; MG<\/li>\n<li>Escola Municipal Israel Pinheiro &#8211; MG<\/li>\n<li>Escola Municipal Paulo Mendes Campos &#8211; MG<\/li>\n<li>Escola de Arquitetura da UFMG &#8211; MG<\/li>\n<li>Nigiri Sushi Bar &#8211; MG<\/li>\n<li>Escola Hilda Rabelo &#8211; MG<\/li>\n<li>Clube de Vela da Lagoa dos Ingleses &#8211; MG<\/li>\n<li><\/li>\n<li>PALESTRAS PEDALANDO E EDUCANDO &#8211; 2001-2005<\/li>\n<li>Escolas p\u00fablicas de Cordisburgo &#8211; Brasil<\/li>\n<li>Escola Municipal de Pitangui &#8211; Brasil<\/li>\n<li>Faculdade de Arquitetura de La Paz &#8211; Bolivia<\/li>\n<li>Isla del Sol &#8211; Peru<\/li>\n<li>Exposicao e palestra na Britanico &#8211; Peru<\/li>\n<li>Escola p\u00fablica em Lima &#8211; Peru<\/li>\n<li>Toronto High School &#8211; Austr\u00e1lia<\/li>\n<li>Pris\u00e3o infantil &#8211; Austr\u00e1lia<\/li>\n<li>Escola p\u00fablica em Dili &#8211; Timor Leste<\/li>\n<li>Semin\u00e1rio Internacional de Cultura em Jacarta \u2013 Indon\u00e9sia<\/li>\n<li>Rotary Bernam Valley \u2013 Mal\u00e1sia<\/li>\n<li>Kolej Matrikulasi Yayasan Saad \u2013 Mal\u00e1sia<\/li>\n<li>S.M.J.K Krian \u2013 Mal\u00e1sia<\/li>\n<li>Escola Bagain Serai \u2013 Mal\u00e1sia<\/li>\n<li>Rotary Club &#8211; Mal\u00e1sia<\/li>\n<li>Congresso Mundial \u2013 Unesco \u2013 Building a Culture of Peace Asian Initiatives \u2013 Tailandia<\/li>\n<li>Centro de estudo de ingles &#8211; Camboja<\/li>\n<li>Escola em Bardia National Park &#8211; Nepal<\/li>\n<li>Universidade de Samos &#8211; Gr\u00e9cia<\/li>\n<li>Leka School &#8211; Gr\u00e9cia<\/li>\n<li>Marathocambos School &#8211; Gr\u00e9cia<\/li>\n<li>Ambrit Rome &#8211; It\u00e1lia<\/li>\n<li>Instituto Compreensivo Statale di Lugagno di Sona &#8211; It\u00e1lia<\/li>\n<li>Associazione Pedagogia Steineriana &#8211; It\u00e1lia<\/li>\n<li>Centro Giovanile Parlaraga &#8211; It\u00e1lia<\/li>\n<li>Gonfreville L&#8217;orcher &#8211; Fran\u00e7a<\/li>\n<li>Le Havre Centre &#8211; Fran\u00e7a<\/li>\n<li>Le Havre Ville Haute &#8211; Fran\u00e7a<\/li>\n<li>Ecole maternelle publique Ignauval &#8211; Fran\u00e7a<\/li>\n<li>Escola de Debrecen \u2013 Hungria<\/li>\n<li>Centro Franco Romeno \u2013 Rom\u00eania<\/li>\n<li>Escola p\u00fablica &#8211; Qu\u00eania<\/li>\n<li>Escola Municipal Vicente Pinzon de Nazar\u00e9 \u2013 Brasil<\/li>\n<li>Escola Mestre Candinho &#8211; Cordisburgo &#8211; Brasil<\/li>\n<li>Escola Octac\u00edlio Negr\u00e3o de Lima &#8211; Cordisburgo &#8211; Brasil<\/li>\n<li>Grupo estadual &#8211; Cordisburgo &#8211; Brasil<\/li>\n<\/ul>\n<p>PALESTRAS ESCOLA DO MUNDO &#8211; 2006&#8230;<\/p>\n<ul>\n<li>Semana de Linguagens \u2013 Dom Silv\u00e9rio &#8211; Belo Horizonte MG &#8211; Brasil<\/li>\n<li>Positivo \u2013 Curitiba Pr &#8211; Brasil<\/li>\n<li>Anjos da Guarda &#8211; Curitiba Pr &#8211; Brasil<\/li>\n<li>PUC- Curitiba Pr &#8211; Brasil<\/li>\n<li>Escola Patax\u00f3 &#8211; Cara\u00edva BA &#8211; Brasil<\/li>\n<li>Semin\u00e1rio Ciclovida &#8211; Sesc Santos SP &#8211; Brasil<\/li>\n<li>Escola de Arquitetura &#8211; Universidade Federal Fluminense &#8211; RJ<\/li>\n<li>Escola Parque &#8211; RJ<\/li>\n<li>Educa\u00e7\u00e3o Gaia \u2013 Curso Design em Sustentabilidade \u2013 RJ<\/li>\n<li>Atelier Mana Bernardes \u2013 RJ<\/li>\n<li>Escola de Arquitetura &#8211; UNIPLI \u2013 RJ<\/li>\n<li>TEDxSP \u2013 SP<\/li>\n<li>Escola Estadual Carlos Maximiliano Pereira do Santos &#8211; Projeto Aprendiz &#8211; SP &#8211; Brasil<\/li>\n<li>Oficina de reciclagem &#8211; Artista Jacar\u00e9 &#8211; Recife &#8211; PE &#8211; Brasil<\/li>\n<li>Escola Municipal Djalma Maranh\u00e3o &#8211; Natal &#8211; RN &#8211; Brasil<\/li>\n<li>Esta\u00e7\u00e3o ambiental Mangue Pequeno &#8211; Icapu\u00ed &#8211; CE &#8211; Brasil<\/li>\n<li>Escola Municipal Paulo Sarasate &#8211; Fortaleza &#8211; CE &#8211; Brasil<\/li>\n<li>Escola de Arqutietura &#8211; UFC &#8211; Fortaleza &#8211; CE &#8211; Brasil<\/li>\n<li>Escola Estadual Jos\u00e9 Teixeira de Albuquerque &#8211; Jijoca &#8211; CE &#8211; Brasil<\/li>\n<li>Escola Municipal C\u00e9sar de Carvalho &#8211; Atins &#8211; MA &#8211; Brasil<\/li>\n<li>Escola Municipal de Ensino Fundamental Manoel Antonio Leite &#8211; Primavera &#8211; PA<\/li>\n<li>Universidade Federal do Par\u00e1 &#8211; Escola de Arquitetura &#8211; Bel\u00e9m &#8211; PA<\/li>\n<li>Escola Municipal Adaltino Javaeuse &#8211; Ilha do Maraj\u00f3 &#8211; PA<\/li>\n<li>Escola Estadual Prof. Delgado Le\u00e3o &#8211; Ilha do Maraj\u00f3 &#8211; PA<\/li>\n<li>Escola Estadual Pedra Preta &#8211; Serra do Navio &#8211; PA<\/li>\n<li>Escola Sesc Arax\u00e1 &#8211; Macap\u00e1 &#8211; PA<\/li>\n<li>Universidade Federal do Amap\u00e1 &#8211; Escola de Arquitetura &#8211; Santana &#8211; PA<\/li>\n<li>Faculdade de Arquitetura e Urbanismo da UFRJ &#8211; RJ<\/li>\n<li>Sesc Paulista &#8211; S\u00e3o Paulo &#8211; SP<\/li>\n<li>Escrit\u00f3rio de Arquitetura Bel&amp;Bob &#8211; RJ<\/li>\n<li>Vale do Rio Doce &#8211; ES<\/li>\n<li>Sesc Pinheiros &#8211; S\u00e3o Paulo- SP<\/li>\n<li>Vale do Rio Doce &#8211; MG<\/li>\n<li>Funda\u00e7\u00e3o Guair\u00e1 &#8211; Andrel\u00e2ndia &#8211; MG<\/li>\n<li>Vale do Rio Doce &#8211; BA<\/li>\n<li>Projeto Ser Cidad\u00e3o &#8211; RJ<\/li>\n<li>11-12-2010 Sesc Belenzinho, S\u00e3o Paulo, SP<\/li>\n<li>9-7-2011 Encontro Internacional de Educa\u00e7\u00e3o &#8211; Pedagogia 3000<\/li>\n<li>25-08-2011 Hub Escola, Rio de Janeiro, RJ<\/li>\n<li>Escola Parque, Rio de Janeiro RJ<\/li>\n<li>01-09-11 C\u00e2mara dos Deputados &#8211; Bras\u00edlia, DF<\/li>\n<li>28-09-11 Sesc Araraquara, SP<\/li>\n<li>19-11-11 Cultura Inglesa &#8211; Bras\u00edlia, DF<\/li>\n<li>Instituto Federal Goiano, GO<\/li>\n<li>Semin\u00e1rio Internacional Museu Vale &#8211; Vila Velha, ES<\/li>\n<li>Treinamento empresarial Vale do Rio Doce, MG<\/li>\n<li>15-04-12 Sesc Piracicaba, SP<\/li>\n<li>18-05-12 Instituto Galpao Gamboa<\/li>\n<li>16-06-12 Abertura da exposi\u00e7\u00e3o Casarao dos Prazeres, RJ<\/li>\n<li>19-06-2012 Studio X &#8211; MobilidadeX &#8211; RJ<\/li>\n<li>21-06-2012 &#8211; Coordenacao de mesa redonda na Casa da Gavea &#8211; Vigilia Cultural da Rio+20<\/li>\n<li>24-06-2012 &#8211; Palestra na bicicletada ONU Habitat &#8211; I&#8217;m a city changer &#8211; RJ<\/li>\n<li>20-07-12 Crian\u00e7as das escolas da comunidade do Turano, Casar\u00e3o dos Prazeres\n<p>09-08-12 Funda\u00e7\u00e3o Educar D&#8217;Paschoal &#8211; Campinas &#8211; SP<\/p>\n<p>12-01-13 Sesc Vila Mariana<\/p>\n<p>22-03-2013 Sesc Ribeir\u00e3o Preto<\/p>\n<p>05-04-2013 TEDxPUCRio<\/p>\n<p>24-04-2013 Sesc Sorocaba<\/p>\n<p>26-04-2013 FAU-UFRJ &#8211; Cidade do Futuro<\/li>\n<li>04-05-2013 Festival Corumb\u00e1\n<p>28\/05\/13\u00a0 Sesc Catanduva<\/p>\n<p>08\/2013 Roda Livre &#8211; Jardins do MAM<\/p>\n<p>31\/08\/2013 Bienal do Livro &#8211; Rio de Janeiro<\/li>\n<li>dentre outras\u2026<\/li>\n<\/ul>\n","protected":false},"excerpt":{"rendered":"<p>PALESTRAS BRASIL 500 ANOS &#8211; 2000 Escola Municipal Marlene Pereira Rancante &#8211; MG Escola Municipal Pierosetti &#8211; MG Escola Municipal C\u00f4nsul Antonio Cadar &#8211; MG Escola Municipal Prof. Am\u00edlcar Martins &#8211; MG Escola Municipal Pedro Nava &#8211; MG Escola Municipal Maria Assun\u00e7\u00e3o de Marco &#8211; MG Escola Municipal P\u00e9rsio Pereira Pinto &#8211; MG Escola Municipal [&hellip;]<\/p>\n","protected":false},"author":1,"featured_media":0,"parent":27,"menu_order":10,"comment_status":"closed","ping_status":"closed","template":"","meta":{"footnotes":""},"class_list":["post-1225","page","type-page","status-publish","hentry"],"_links":{"self":[{"href":"https:\/\/caminhos.arguscaruso.com.br\/index.php?rest_route=\/wp\/v2\/pages\/1225","targetHints":{"allow":["GET"]}}],"collection":[{"href":"https:\/\/caminhos.arguscaruso.com.br\/index.php?rest_route=\/wp\/v2\/pages"}],"about":[{"href":"https:\/\/caminhos.arguscaruso.com.br\/index.php?rest_route=\/wp\/v2\/types\/page"}],"author":[{"embeddable":true,"href":"https:\/\/caminhos.arguscaruso.com.br\/index.php?rest_route=\/wp\/v2\/users\/1"}],"replies":[{"embeddable":true,"href":"https:\/\/caminhos.arguscaruso.com.br\/index.php?rest_route=%2Fwp%2Fv2%2Fcomments&post=1225"}],"version-history":[{"count":2,"href":"https:\/\/caminhos.arguscaruso.com.br\/index.php?rest_route=\/wp\/v2\/pages\/1225\/revisions"}],"predecessor-version":[{"id":1839,"href":"https:\/\/caminhos.arguscaruso.com.br\/index.php?rest_route=\/wp\/v2\/pages\/1225\/revisions\/1839"}],"up":[{"embeddable":true,"href":"https:\/\/caminhos.arguscaruso.com.br\/index.php?rest_route=\/wp\/v2\/pages\/27"}],"wp:attachment":[{"href":"https:\/\/caminhos.arguscaruso.com.br\/index.php?rest_route=%2Fwp%2Fv2%2Fmedia&parent=1225"}],"curies":[{"name":"wp","href":"https:\/\/api.w.org\/{rel}","templated":true}]}}