{"id":949,"date":"2009-11-02T20:33:12","date_gmt":"2009-11-02T23:33:12","guid":{"rendered":"http:\/\/caminhos.arguscaruso.com.br\/?page_id=949"},"modified":"2024-03-16T14:20:32","modified_gmt":"2024-03-16T14:20:32","slug":"creditos","status":"publish","type":"page","link":"https:\/\/caminhos.arguscaruso.com.br\/?page_id=949","title":{"rendered":"Cr\u00e9ditos"},"content":{"rendered":"\n<h2 class=\"wp-block-heading\">Conte\u00fado e Licen\u00e7a<\/h2>\n\n\n\n<p><a rel=\"license\" href=\"http:\/\/creativecommons.org\/licenses\/by-nc-sa\/2.5\/br\/\"><img decoding=\"async\" style=\"border-width: 0;\" src=\"http:\/\/i.creativecommons.org\/l\/by-nc-sa\/2.5\/br\/88x31.png\" alt=\"Creative Commons License\"><br>\n<\/a><br>\n<span>Fotos e textos do projeto Pedalando e Educando,<\/span> de&nbsp;<a rel=\"cc:attributionURL\" href=\"www.arguscaruso.com.br\">Argus Caruso<\/a>, \u00e9 licenciado por&nbsp;<a rel=\"license\" href=\"http:\/\/creativecommons.org\/licenses\/by-nc-sa\/2.5\/br\/\">Creative Commons Atribui\u00e7\u00e3o-Uso N\u00e3o-Comercial-Compartilhamento pela mesma Licen\u00e7a 2.5 Brasil<\/a>, para ser usado em pesquisas e trabalhos escolares.<\/p>\n\n\n\n<hr class=\"wp-block-separator has-alpha-channel-opacity\"\/>\n","protected":false},"excerpt":{"rendered":"<p>Conte\u00fado e Licen\u00e7a Fotos e textos do projeto Pedalando e Educando, de&nbsp;Argus Caruso, \u00e9 licenciado por&nbsp;Creative Commons Atribui\u00e7\u00e3o-Uso N\u00e3o-Comercial-Compartilhamento pela mesma Licen\u00e7a 2.5 Brasil, para ser usado em pesquisas e trabalhos escolares.<\/p>\n","protected":false},"author":1,"featured_media":0,"parent":0,"menu_order":100,"comment_status":"closed","ping_status":"closed","template":"","meta":{"footnotes":""},"class_list":["post-949","page","type-page","status-publish","hentry"],"_links":{"self":[{"href":"https:\/\/caminhos.arguscaruso.com.br\/index.php?rest_route=\/wp\/v2\/pages\/949","targetHints":{"allow":["GET"]}}],"collection":[{"href":"https:\/\/caminhos.arguscaruso.com.br\/index.php?rest_route=\/wp\/v2\/pages"}],"about":[{"href":"https:\/\/caminhos.arguscaruso.com.br\/index.php?rest_route=\/wp\/v2\/types\/page"}],"author":[{"embeddable":true,"href":"https:\/\/caminhos.arguscaruso.com.br\/index.php?rest_route=\/wp\/v2\/users\/1"}],"replies":[{"embeddable":true,"href":"https:\/\/caminhos.arguscaruso.com.br\/index.php?rest_route=%2Fwp%2Fv2%2Fcomments&post=949"}],"version-history":[{"count":2,"href":"https:\/\/caminhos.arguscaruso.com.br\/index.php?rest_route=\/wp\/v2\/pages\/949\/revisions"}],"predecessor-version":[{"id":1741,"href":"https:\/\/caminhos.arguscaruso.com.br\/index.php?rest_route=\/wp\/v2\/pages\/949\/revisions\/1741"}],"wp:attachment":[{"href":"https:\/\/caminhos.arguscaruso.com.br\/index.php?rest_route=%2Fwp%2Fv2%2Fmedia&parent=949"}],"curies":[{"name":"wp","href":"https:\/\/api.w.org\/{rel}","templated":true}]}}